44 = 6*t. What is the highest common factor of t and f?
9
Let p(d) = 2*d**2 + 14*d**2 - 15*d**2 + 4*d. Let z be p(-5). What is the greatest common factor of z and 45?
5
Let d = -1 - -5. Suppose 4*x - d*c = -5*c + 417, 5*x + 4*c = 513. Suppose 15 = s - 5*f, 2*s - 6 = 4*f + 24. Calculate the highest common divisor of x and s.
15
Suppose 3*p = -2*n - 557, -2*p + 2*n = 5*n + 368. Let t = 299 + p. Calculate the greatest common divisor of t and 16.
16
Suppose 0*y = -y + 45. Suppose -4*j - y = -9*j. Suppose -6*b + 286 = -146. Calculate the greatest common divisor of j and b.
9
Let l = -4 + 3. Let k(s) = -11*s + 3. Let x(n) = 7*n - 2. Let o(j) = -5*k(j) - 8*x(j). Let d be o(l). What is the highest common factor of 5 and d?
1
Let g = 983 - 779. Calculate the highest common factor of g and 24.
12
Let i(s) be the second derivative of 7*s**3/6 + 11*s**2/2 - 15*s. Let z be i(3). What is the greatest common factor of 48 and z?
16
Suppose -4*b + 5*p + 339 = 4*p, 3*p - 428 = -5*b. Calculate the highest common factor of b and 34.
17
Let y = -63 + 105. Let t(d) be the second derivative of 13*d**3/6 + 93*d**2/2 + 14*d. Let x be t(-5). Calculate the greatest common factor of y and x.
14
Suppose 4*l - 4 = 5*t - 13, t - 5*l + 15 = 0. Let f = t - 1. Let q = 7 - f. Calculate the highest common divisor of 24 and q.
3
Let c = 857 - 845. Suppose -3*n = 3*f - 3, -4*n - 2*f = -6*n + 2. Let z be (-97)/(-1) + n + -2. Calculate the greatest common divisor of z and c.
12
Suppose 0*q = 5*w + 3*q - 38, -w + 18 = -2*q. Let m(v) = -1 - v**3 - 2 + 6*v + v**2 - 4*v + 5. Let k be m(-2). Calculate the greatest common factor of k and w.
10
Suppose -4*m + 2*k + 104 = 3*k, -m + 3*k = -13. Let y(x) = 3*x + 1. Let t = 48 - 45. Let n be y(t). What is the greatest common divisor of n and m?
5
Let s be 3/(2 - -1)*4. Suppose -s*w + 4*a + 1 = -5*w, a = -1. Suppose d - 4 = w. What is the highest common factor of 7 and d?
7
Let z(m) = m**3 + 3*m**2 + 2. Let g be z(-3). Suppose 3*p = -g*p + 105. Let a = 39 + -25. Calculate the greatest common divisor of a and p.
7
Let g(b) = 33*b - 24. Let f be g(1). Suppose -146 + 41 = -4*i - 3*q, 2*i - 52 = -2*q. Calculate the greatest common factor of i and f.
9
Suppose 0 = z - 4, -u - 4*z - 24 = -3*u. Let g(l) = l + 34. Let j be g(u). What is the greatest common divisor of 54 and j?
54
Suppose 2*g + 16 = -4*p, -3*g + 5*g = 2*p + 2. Let m be (g/3)/((42/(-108))/7). Calculate the greatest common divisor of 12 and m.
12
Let x(t) = -7*t**2 - t + 1199. Let g be x(0). Calculate the highest common divisor of g and 11.
11
Let i(b) = 2*b - 4. Let l be i(5). Suppose -1067 + 737 = -5*m. What is the highest common factor of m and l?
6
Suppose 0 = 3*x + 3, 0*y + 2*x - 1834 = -4*y. What is the highest common divisor of y and 102?
51
Suppose -4*u = 102 + 134. Let s = 63 + u. What is the highest common factor of s and 32?
4
Let u = 205 - 187. Calculate the highest common divisor of 18 and u.
18
Let f(b) = -47*b - 784. Let m be f(-20). What is the greatest common divisor of m and 18?
6
Suppose 10 + 180 = 10*x. What is the greatest common divisor of 1349 and x?
19
Let f = 612 - 593. Calculate the highest common divisor of 817 and f.
19
Let j be ((-3)/2)/(6/456*-6). What is the highest common divisor of j and 76?
19
Let v(z) = 2*z**3 + 8*z**2 + 3*z - 5. Let y be v(-5). Let g = y - -121. What is the greatest common factor of 17 and g?
17
Let q(y) = -y**2 + 6*y - 6. Let d be q(4). Suppose 2*n = 1 + 5. What is the greatest common factor of d and n?
1
Let n = -202 - -214. Let u(q) = q**3 - 6*q**2 + q + 6. Let v be u(6). Calculate the greatest common divisor of v and n.
12
Let c(u) = -u**3 + 3 - 8 + 15*u**2 + 10. Let h be c(15). Let v be (1 - 1)/h + 22. What is the greatest common factor of 11 and v?
11
Suppose 0 = -3*j + 7*j - 2*m - 16, j = 4*m + 18. Suppose j*p - 6 + 2 = 0. Suppose 3*i - p - 7 = 0. What is the highest common factor of 9 and i?
3
Let o = 253 - 240. Calculate the greatest common divisor of o and 559.
13
Let v = 107 - -208. What is the highest common factor of 140 and v?
35
Let t(j) = -3*j - 49. Let f be t(-17). Suppose 4 + 2 = 2*s. What is the highest common factor of s and f?
1
Let i be (-2)/(-2)*(-9 - -5). Let x = i - 11. Let b = 27 + x. What is the greatest common factor of 48 and b?
12
Let z(r) = 2*r**2 - 56*r + 68. Let o be z(27). What is the highest common divisor of 42 and o?
14
Let t be (15/(-13) + (-32)/(-208))*-26. Calculate the greatest common factor of t and 39.
13
Let r = -934 - -950. Calculate the highest common divisor of 104 and r.
8
Let o(t) = t**3 - 7*t**2 + 9*t + 4. Let i be o(7). Let g = i + -61. What is the highest common factor of 4 and g?
2
Let f(m) = 9*m**2 - m - 44. Let w be f(-4). Calculate the greatest common divisor of w and 64.
8
Let k(g) = g**2 + 11*g + 5. Let o be k(-29). Calculate the highest common factor of 93 and o.
31
Let v be (-6)/(3/21*-3). Suppose f - 2*s + v = 2*s, 3*f + 3*s - 3 = 0. Let n be 168/(-35)*(f + -8). What is the highest common factor of 6 and n?
6
Let p be (-4 + 12/(-12))*-4. Suppose 6*i - i - 415 = -4*g, 0 = -g. Suppose 5*c = 483 - i. What is the highest common factor of c and p?
20
Suppose -3*d + 3*a = -66, d - 77*a + 79*a = 10. What is the highest common divisor of d and 441?
9
Suppose -5*s = 5*h - 60, 2*s - 8 = s + h. Let m = 160 + -80. Calculate the highest common factor of s and m.
10
Suppose -101*f = -103 - 7 - 395. Let w = 4 - 2. Suppose g + 3*g + w*l = 212, g + 3*l - 43 = 0. What is the highest common factor of f and g?
5
Suppose -2*s + 481 = 5*q - 56, 3*s - 3*q = 795. Suppose 306 + s = 4*j. Suppose -3*f - 9 + 48 = 0. What is the greatest common factor of f and j?
13
Suppose -2*t - t = -5*z - 134, 2*z = 4. Suppose -3*b + 214 = -4*m, -t = -4*b - 2*m + 208. What is the highest common factor of 6 and b?
6
Let i(o) = -97*o - 38. Let p be i(-6). What is the greatest common factor of p and 17?
17
Suppose 0 = -d + 5 + 6. Let l be (36/10)/((-12)/(-1320)*4). Calculate the greatest common factor of d and l.
11
Suppose 0 = 3*a - 2*a + 20. Let z be 10/a*(-64)/2. Suppose -i - 3*i + z = 0. Calculate the greatest common factor of i and 8.
4
Let b be (2238/9)/((-4)/6). Let s = -243 - b. What is the greatest common factor of 26 and s?
26
Let u(a) = a + 7. Suppose 0 = -0*s - 4*s + 84. Suppose 5*o + 4 = -s. Let q be u(o). Calculate the greatest common divisor of 1 and q.
1
Suppose 5*y + 84 = 3*p, -28 = -p - y - 3*y. Calculate the greatest common divisor of p and 7.
7
Suppose 2*a = -0*a + 4. Let w be ((-1108)/(-8))/(a/4). Suppose 148 + w = 5*u. What is the greatest common factor of 17 and u?
17
Let j = -17 + 10. Let b(g) = g**2 + 5*g - 1. Let w be b(j). Calculate the highest common factor of w and 52.
13
Suppose -i - 13 = -1. Let q(g) = -g**3 - 10*g**2 + 16*g - 12. Let b be q(i). Suppose 0 = -o - 9 + 65. Calculate the greatest common factor of b and o.
28
Let z(g) = g + 115. Let d be z(20). Calculate the greatest common factor of 15 and d.
15
Let r(f) = -f + 28. Let v be r(4). Let k(p) = 24*p**2 - p - 1. Let j be k(-1). Calculate the highest common factor of v and j.
24
Let f be 2/10*-4 - 5383/(-35). Calculate the greatest common factor of f and 34.
17
Suppose 41*r - 528 = 30*r. Calculate the highest common divisor of 168 and r.
24
Suppose -172*c + 32472 = -148*c. What is the highest common divisor of c and 66?
33
Let t = 65 - 34. Let l be 1 + -2 + (t - 0). Let v be (-106)/(-10) + 3/(-5). What is the highest common divisor of l and v?
10
Let p = 1756 + -1444. Calculate the greatest common factor of p and 72.
24
Let r be 6 - 0 - (4 - 2). Suppose r = 2*w - 0. Suppose -y - 1 = 0, 5*q - 10 = w*y - 3. What is the greatest common factor of q and 9?
1
Let r = 78 - -34. What is the highest common factor of r and 196?
28
Let j(s) = -s**2 - 7*s + 24. Let g be j(-7). What is the greatest common divisor of 3 and g?
3
Let z = -8 + 12. Suppose 0*q = z*s + 3*q - 227, 0 = -4*s + 2*q + 222. Suppose 0 = a - 4 - s. Calculate the greatest common divisor of a and 15.
15
Suppose -5*v = g - 123, -2*g = 3*v - 79 + 1. Let u = 150 + -90. What is the greatest common divisor of u and v?
12
Let f be ((-33)/(495/10))/(2/(-63)). Calculate the highest common divisor of f and 1281.
21
Let c(f) = 7*f - 7. Let j = 1 - 12. Let h be c(j). Let w be 1/(-6) - h